rime factors of 4375.
5, 7
What are the prime factors of 2008?
2, 251
List the prime factors of 2277.
3, 11, 23
List the prime factors of 20756.
2, 5189
List the prime factors of 19448.
2, 11, 13, 17
What are the prime factors of 4798?
2, 2399
What are the prime factors of 2113?
2113
What are the prime factors of 169688?
2, 21211
What are the prime factors of 810?
2, 3, 5
What are the prime factors of 73722?
2, 3, 11, 1117
List the prime factors of 1042.
2, 521
What are the prime factors of 104880?
2, 3, 5, 19, 23
What are the prime factors of 195013?
7, 13, 2143
List the prime factors of 3510.
2, 3, 5, 13
List the prime factors of 2123.
11, 193
What are the prime factors of 17026?
2, 8513
What are the prime factors of 114180?
2, 3, 5, 11, 173
List the prime factors of 72087.
3, 24029
What are the prime factors of 180?
2, 3, 5
List the prime factors of 3658.
2, 31, 59
List the prime factors of 346.
2, 173
List the prime factors of 30281.
107, 283
List the prime factors of 1483.
1483
List the prime factors of 64778.
2, 7, 661
List the prime factors of 1014.
2, 3, 13
What are the prime factors of 4735?
5, 947
List the prime factors of 6567.
3, 11, 199
What are the prime factors of 1004?
2, 251
What are the prime factors of 9727?
71, 137
List the prime factors of 7765.
5, 1553
List the prime factors of 392.
2, 7
What are the prime factors of 1648?
2, 103
What are the prime factors of 6376?
2, 797
List the prime factors of 8459.
11, 769
What are the prime factors of 5538?
2, 3, 13, 71
List the prime factors of 19417.
19417
List the prime factors of 64273.
11, 5843
List the prime factors of 4879.
7, 17, 41
List the prime factors of 8304.
2, 3, 173
What are the prime factors of 22672?
2, 13, 109
List the prime factors of 12367.
83, 149
List the prime factors of 1482.
2, 3, 13, 19
List the prime factors of 14282.
2, 37, 193
List the prime factors of 8905.
5, 13, 137
List the prime factors of 2817.
3, 313
What are the prime factors of 1950?
2, 3, 5, 13
What are the prime factors of 11062?
2, 5531
List the prime factors of 5287.
17, 311
List the prime factors of 849.
3, 283
List the prime factors of 155.
5, 31
What are the prime factors of 1812?
2, 3, 151
List the prime factors of 2688.
2, 3, 7
What are the prime factors of 143221?
13, 23, 479
List the prime factors of 2558.
2, 1279
What are the prime factors of 66251?
97, 683
What are the prime factors of 116439?
3, 37, 1049
List the prime factors of 1262.
2, 631
List the prime factors of 68716.
2, 41, 419
What are the prime factors of 34899?
3, 11633
What are the prime factors of 714?
2, 3, 7, 17
What are the prime factors of 146929?
349, 421
What are the prime factors of 115744?
2, 3617
What are the prime factors of 12437?
12437
What are the prime factors of 93?
3, 31
List the prime factors of 6050.
2, 5, 11
List the prime factors of 12370.
2, 5, 1237
What are the prime factors of 282?
2, 3, 47
What are the prime factors of 45584?
2, 7, 11, 37
List the prime factors of 3355.
5, 11, 61
List the prime factors of 66108.
2, 3, 7, 787
What are the prime factors of 28832?
2, 17, 53
What are the prime factors of 62465?
5, 13, 31
List the prime factors of 59761.
13, 4597
What are the prime factors of 17466?
2, 3, 41, 71
List the prime factors of 26130.
2, 3, 5, 13, 67
What are the prime factors of 64539?
3, 71, 101
What are the prime factors of 20739?
3, 31, 223
What are the prime factors of 13460?
2, 5, 673
List the prime factors of 43252.
2, 11, 983
List the prime factors of 351.
3, 13
What are the prime factors of 4497?
3, 1499
What are the prime factors of 589?
19, 31
What are the prime factors of 2841?
3, 947
What are the prime factors of 5304?
2, 3, 13, 17
What are the prime factors of 5536?
2, 173
List the prime factors of 28584.
2, 3, 397
List the prime factors of 9912.
2, 3, 7, 59
What are the prime factors of 131217?
3, 191, 229
What are the prime factors of 911?
911
What are the prime factors of 46511?
46511
List the prime factors of 3782.
2, 31, 61
List the prime factors of 35603.
35603
List the prime factors of 31522.
2, 15761
List the prime factors of 1012.
2, 11, 23
List the prime factors of 44885.
5, 47, 191
What are the prime factors of 212?
2, 53
List the prime factors of 107792.
2, 6737
What are the prime factors of 3982?
2, 11, 181
List the prime factors of 39547.
71, 557
List the prime factors of 41398.
2, 7, 2957
What are the prime factors of 11703?
3, 47, 83
What are the prime factors of 143949?
3, 13, 3691
List the prime factors of 9565.
5, 1913
List the prime factors of 4958.
2, 37, 67
List the prime factors of 248.
2, 31
What are the prime factors of 40131?
3, 7, 13
List the prime factors of 34279.
7, 59, 83
What are the prime factors of 1080?
2, 3, 5
List the prime factors of 40317.
3, 89, 151
List the prime factors of 10214.
2, 5107
List the prime factors of 873.
3, 97
What are the prime factors of 1041?
3, 347
What are the prime factors of 127388?
2, 31847
List the prime factors of 90613.
31, 37, 79
What are the prime factors of 53950?
2, 5, 13, 83
List the prime factors of 9040.
2, 5, 113
List the prime factors of 4720.
2, 5, 59
List the prime factors of 10813.
11, 983
What are the prime factors of 2209?
47
What are the prime factors of 105972?
2, 3, 8831
What are the prime factors of 960?
2, 3, 5
What are the prime factors of 89214?
2, 3, 14869
What are the prime factors of 18299?
29, 631
List the prime factors of 23834.
2, 17, 701
What are the prime factors of 462?
2, 3, 7, 11
What are the prime factors of 292?
2, 73
List the prime factors of 5645.
5, 1129
List the prime factors of 340.
2, 5, 17
List the prime factors of 25025.
5, 7, 11, 13
List the prime factors of 226.
2, 113
List the prime factors of 38333.
38333
What are the prime factors of 4510?
2, 5, 11, 41
List the prime factors of 169.
13
What are the prime factors of 17330?
2, 5, 1733
What are the prime factors of 92078?
2, 7, 6577
What are the prime factors of 69059?
53, 1303
What are the prime factors of 39637?
13, 3049
List the prime factors of 10264.
2, 1283
List the prime factors of 30534.
2, 3, 7, 727
What are the prime factors of 249?
3, 83
What are the prime factors of 925?
5, 37
What are the prime factors of 9497?
9497
List the prime factors of 13504.
2, 211
What are the prime factors of 38?
2, 19
List the prime factors of 172760.
2, 5, 7, 617
What are the prime factors of 1540?
2, 5, 7, 11
What are the prime factors of 28599?
3, 9533
What are the prime factors of 208?
2, 13
List the prime factors of 73419.
3, 24473
List the prime factors of 2791.
2791
List the prime factors of 13549.
17, 797
What are the prime factors of 31342?
2, 15671
List the prime factors of 3742.
2, 1871
List the prime factors of 2178.
2, 3, 11
What are the prime factors of 46603?
29, 1607
What are the prime factors of 33653?
73, 461
What are the prime factors of 2199?
3, 733
What are the prime factors of 8809?
23, 383
What are the prime factors of 1755?
3, 5, 13
What are the prime factors of 47888?
2, 41, 73
What are the prime factors of 3702?
2, 3, 617
What are the prime factors of 27091?
27091
What are the prime factors of 4930?
2, 5, 17, 29
List the prime factors of 89588.
2, 22397
What are the prime factors of 37411?
11, 19, 179
What are the prime factors of 9660?
2, 3, 5, 7, 23
List the prime factors of 19642.
2, 7, 23, 61
List the prime factors of 1935.
3, 5, 43
What are the prime factors of 1643?
31, 53
What are the prime factors of 37682?
2, 83, 227
List the prime factors of 85039.
277, 307
List the prime factors of 6186.
2, 3, 1031
What are the prime factors of 1020?
2, 3, 5, 17
What are the prime factors of 2950?
2, 5, 59
What are the prime factors of 9778?
2, 4889
List the prime factors of 2835.
3, 5, 7
List the prime factors of 30525.
3, 5, 11, 37
List the prime factors of 25486.
2, 12743
What are the prime factors of 3237?
3, 13, 83
What are the prime factors of 9180?
2, 3, 5, 17
What are the prime factors of 31756?
2, 17, 467
List the prime factors of 10305.
3, 5, 229
List the prime factors of 575.
5, 23
List the prime factors of 32407.
23, 1409
What are the prime factors of 24232?
2, 13, 233
What are the prime factors of 7185?
3, 5, 479
What are the prime factors of 10153?
11, 13, 71
What are the prime factors of 